{"id":52,"date":"2013-04-17T17:37:36","date_gmt":"2013-04-17T15:37:36","guid":{"rendered":"http:\/\/swiadomezakupy.pl\/blog\/?page_id=52"},"modified":"2024-10-27T20:54:40","modified_gmt":"2024-10-27T19:54:40","slug":"polityka-cookies","status":"publish","type":"page","link":"https:\/\/swiadomezakupy.pl\/blog\/polityka-cookies\/","title":{"rendered":"Polityka Cookies"},"content":{"rendered":"<p><img loading=\"lazy\" decoding=\"async\" class=\"alignright size-medium wp-image-290\" alt=\"cookies\" src=\"https:\/\/swiadomezakupy.pl\/blog\/wp-content\/uploads\/cookies-300x214.jpg\" width=\"300\" height=\"214\" srcset=\"https:\/\/swiadomezakupy.pl\/blog\/wp-content\/uploads\/cookies-300x214.jpg 300w, https:\/\/swiadomezakupy.pl\/blog\/wp-content\/uploads\/cookies.jpg 800w\" sizes=\"auto, (max-width: 300px) 100vw, 300px\" \/><strong>Szanujemy prywatno\u015b\u0107 naszych u\u017cytkownik\u00f3w i\u00a0chcemy, aby korzystaj\u0105c z naszych witryn czuli si\u0119 bezpiecznie, dlatego informujemy, \u017ce:<\/strong><\/p>\n<ol>\n<li>Wchodz\u0105c na nasz\u0105 stron\u0119, na dysku Twojego komputera mog\u0105 by\u0107 zapisywane tzw. ciasteczka (cookies), czyli niewielkie pliki tekstowe wysy\u0142ane przez nasz serwer, do kt\u00f3rych odwo\u0142uje si\u0119 nasza witryna.<\/li>\n<li>Ciasteczka i\u00a0podobne technologie u\u017cywane s\u0105 w witrynach internetowych przede wszystkim ze wzgl\u0119du na wygod\u0119 u\u017cytkownik\u00f3w, m.in po to, by jak najlepiej dostosowa\u0107 tre\u015bci i\u00a0funkcje witryny do ich potrzeb i\u00a0oczekiwa\u0144, a\u00a0tak\u017ce w\u00a0celach statystycznych.<\/li>\n<li>Pliki ciasteczek s\u0142u\u017c\u0105 do tworzenia statystyk, kt\u00f3re pomagaj\u0105 dostosowa\u0107 zawarto\u015b\u0107 stron do oczekiwa\u0144 u\u017cytkownik\u00f3w, zapami\u0119taniu preferowanego wygl\u0105du stron, np. ustawionego rozmiaru czcionki, wspieraj\u0105 formularze oraz wykonywanie przez u\u017cytkownik\u00f3w kilkuetapowych czynno\u015bci. Ciasteczka s\u0142u\u017c\u0105 r\u00f3wnie\u017c dopasowaniu wy\u015bwietlanych reklam do zainteresowa\u0144 odwiedzaj\u0105cych witryny.<\/li>\n<li>Opr\u00f3cz ciasteczek wysy\u0142anych z\u00a0naszego serwera za po\u015brednictwem naszych witryn, pliki cookies mog\u0105 by\u0107 wysy\u0142ane tak\u017ce z\u00a0serwer\u00f3w stron, do kt\u00f3rych si\u0119 odwo\u0142ujemy, np. serwis\u00f3w spo\u0142eczno\u015bciowych.<\/li>\n<li>Nie gromadzimy i nie przetwarzamy w \u017caden spos\u00f3b informacji zapisywanych na Twoim komputerze, wysy\u0142anych z\u00a0naszego serwera.<\/li>\n<li>Ka\u017cdy u\u017cytkownik mo\u017ce zmieni\u0107 ustawienia dotycz\u0105ce ciasteczek w dowolnym czasie, w\u00a0u\u017cywanej przez siebie przegl\u0105darce, w\u00a0tym zupe\u0142nie wy\u0142\u0105czy\u0107 mo\u017cliwo\u015b\u0107 ich zapisywania. Je\u015bli nie wy\u0142\u0105czysz mo\u017cliwo\u015bci zapisywania ciasteczek pochodz\u0105cych z\u00a0naszych witryn, oznacza to Twoj\u0105 zgod\u0119 na ich zapisywanie i\u00a0przechowywanie w\u00a0komputerze.<\/li>\n<li>Je\u017celi zdecydujesz si\u0119 na odrzucenie wszystkich ciasteczek, nie b\u0119dzie mo\u017cliwe korzystanie z\u00a0niekt\u00f3rych funkcjonalno\u015bci, tre\u015bci i\u00a0us\u0142ug udost\u0119pnianych w naszej witrynie, w\u00a0szczeg\u00f3lno\u015bci wymagaj\u0105cych logowania. Wy\u0142\u0105czenie ciasteczek nie powoduje natomiast braku mo\u017cliwo\u015bci przegl\u0105dania strony.<\/li>\n<\/ol>\n<h4>Jak wy\u0142\u0105czy\u0107 cookies?<\/h4>\n<ul>\n<li>Je\u017celi u\u017cywasz przegl\u0105darki Google Chrome, to ustawienia dotycz\u0105ce cookies mo\u017cesz zmieni\u0107 <a href=\"https:\/\/support.google.com\/chrome\/bin\/answer.py?hl=pl&amp;answer=95647\" target=\"_blank\" rel=\"noopener\">tutaj<\/a>.<\/li>\n<li>Je\u017celi u\u017cywasz przegl\u0105darki Microsoft Internet Explorer, to ustawienia dotycz\u0105ce cookies mo\u017cesz zmieni\u0107 <a href=\"https:\/\/windows.microsoft.com\/pl-pl\/windows7\/how-to-manage-cookies-in-internet-explorer-9\" target=\"_blank\" rel=\"noopener\">tutaj<\/a>.<\/li>\n<li>Je\u017celi u\u017cywasz przegl\u0105darki Mozilla Firefox, to ustawienia dotycz\u0105ce cookies mo\u017cesz zmieni\u0107 <a href=\"https:\/\/support.mozilla.org\/pl\/kb\/W\u0142\u0105czanie%20i%20wy\u0142\u0105czanie%20obs\u0142ugi%20ciasteczek\" target=\"_blank\" rel=\"noopener\">tutaj<\/a>.<\/li>\n<li>Je\u017celi u\u017cywasz przegl\u0105darki Opera, to ustawienia dotycz\u0105ce cookies mo\u017cesz zmieni\u0107 <a href=\"https:\/\/help.opera.com\/Linux\/12.10\/pl\/cookies.html\" target=\"_blank\" rel=\"noopener\">tutaj<\/a>.<\/li>\n<li>Je\u017celi u\u017cywasz przegl\u0105darki Safari, to ustawienia dotycz\u0105ce cookies mo\u017cesz zmieni\u0107 <a href=\"https:\/\/support.apple.com\/kb\/PH5042?viewlocale=pl_PL&amp;locale=pl_PL\" target=\"_blank\" rel=\"noopener\">tutaj<\/a>.<\/li>\n<\/ul>\n<p>Je\u017celi korzystasz z innej przegl\u0105darki, przejd\u017a do sekcji &#8222;Pomoc&#8221; Twojej przegl\u0105darki lub skontaktuj si\u0119 z producentem przegl\u0105darki w celu uzyskania informacji, jak zmieni\u0107 ustawienia dotycz\u0105ce cookies.<\/p>\n","protected":false},"excerpt":{"rendered":"<p>Szanujemy prywatno\u015b\u0107 naszych u\u017cytkownik\u00f3w i\u00a0chcemy, aby korzystaj\u0105c z naszych witryn czuli si\u0119 bezpiecznie, dlatego informujemy, \u017ce: Wchodz\u0105c na nasz\u0105 stron\u0119, na dysku Twojego komputera mog\u0105 by\u0107 zapisywane tzw. ciasteczka (cookies),&hellip;<\/p>\n","protected":false},"author":1,"featured_media":0,"parent":0,"menu_order":0,"comment_status":"open","ping_status":"closed","template":"","meta":{"footnotes":""},"class_list":["post-52","page","type-page","status-publish","hentry"],"_links":{"self":[{"href":"https:\/\/swiadomezakupy.pl\/blog\/wp-json\/wp\/v2\/pages\/52","targetHints":{"allow":["GET"]}}],"collection":[{"href":"https:\/\/swiadomezakupy.pl\/blog\/wp-json\/wp\/v2\/pages"}],"about":[{"href":"https:\/\/swiadomezakupy.pl\/blog\/wp-json\/wp\/v2\/types\/page"}],"author":[{"embeddable":true,"href":"https:\/\/swiadomezakupy.pl\/blog\/wp-json\/wp\/v2\/users\/1"}],"replies":[{"embeddable":true,"href":"https:\/\/swiadomezakupy.pl\/blog\/wp-json\/wp\/v2\/comments?post=52"}],"version-history":[{"count":12,"href":"https:\/\/swiadomezakupy.pl\/blog\/wp-json\/wp\/v2\/pages\/52\/revisions"}],"predecessor-version":[{"id":1393,"href":"https:\/\/swiadomezakupy.pl\/blog\/wp-json\/wp\/v2\/pages\/52\/revisions\/1393"}],"wp:attachment":[{"href":"https:\/\/swiadomezakupy.pl\/blog\/wp-json\/wp\/v2\/media?parent=52"}],"curies":[{"name":"wp","href":"https:\/\/api.w.org\/{rel}","templated":true}]}}